4
In base 3, what is -1110002101 - -111?
-1110001220
In base 6, what is -140150 + 0?
-140150
In base 13, what is -2 - a363?
-a365
In base 10, what is 806287 - 5?
806282
In base 3, what is 1102112011 + 21?
1102112102
In base 12, what is -4 + 33668?
33664
In base 2, what is -100001010111011010 - -101?
-100001010111010101
In base 2, what is 11 - -1011110101111?
1011110110010
In base 9, what is 11420 + 27?
11447
In base 6, what is 421052 + -10?
421042
In base 5, what is -31041244 - -3?
-31041241
In base 4, what is -112 - -1000332?
1000220
In base 7, what is -250 + -416?
-666
In base 4, what is -120 - -211?
31
In base 2, what is 100 - 1001010001011?
-1001010000111
In base 8, what is -41033 - -25?
-41006
In base 4, what is -100101133 + -10?
-100101203
In base 13, what is 6 - 702?
-6c9
In base 7, what is -1034 + 10405?
6341
In base 2, what is -100001100011 - -11010?
-100001001001
In base 2, what is 1001111 + -1010010010110?
-1010001000111
In base 16, what is 4 - 96f75?
-96f71
In base 4, what is 3023201 - 1?
3023200
In base 2, what is -11 - -11101100100?
11101100001
In base 6, what is -31515 + -33?
-31552
In base 14, what is 51aa - 101?
50a9
In base 10, what is -8494 - 3?
-8497
In base 9, what is -230 - 217?
-447
In base 9, what is 171 + -368?
-187
In base 15, what is -15c5 + -41b?
-19e1
In base 11, what is 1664 - -648?
2201
In base 12, what is 0 + -104165?
-104165
In base 5, what is 23413223 + 1?
23413224
In base 12, what is -6 - -ba6b6?
ba6b0
In base 7, what is 134 - 623?
-456
In base 9, what is 2 + -1328403?
-1328401
In base 2, what is -10001 + -1101001101001100?
-1101001101011101
In base 14, what is 176 - 12bd?
-1147
In base 4, what is 2201 + 200231?
203032
In base 2, what is 101000111010 - 110100?
101000000110
In base 16, what is -29 - -aa2?
a79
In base 14, what is 366 + -29?
33b
In base 13, what is -10 + -640?
-650
In base 5, what is -2 + 110131020?
110131013
In base 6, what is -235320142 + 2?
-235320140
In base 6, what is 12155 - 20?
12135
In base 14, what is -37d - 6c?
-40b
In base 7, what is 561 + -31?
530
In base 3, what is -10 + 1021111121210?
1021111121200
In base 15, what is -7 + -3736?
-373d
In base 12, what is 130 - 974b?
-961b
In base 3, what is -21222121 - -20?
-21222101
In base 10, what is 25757 + 4?
25761
In base 12, what is -94 - -16464?
16390
In base 10, what is -6 - 241?
-247
In base 9, what is 12468 - -52?
12531
In base 3, what is 1212101 + 10021?
1222122
In base 15, what is -763 - -5c2?
-191
In base 16, what is -3 - 12e4?
-12e7
In base 5, what is -1212210 + 341?
-1211314
In base 5, what is 1 + -410212?
-410211
In base 14, what is 566 + 31?
597
In base 11, what is 24 - -348?
371
In base 8, what is -65 - -103?
16
In base 4, what is -13310310 + -10?
-13310320
In base 7, what is 11603556 + -1?
11603555
In base 11, what is -4 - 35255?
-35259
In base 8, what is -10211410 + -1?
-10211411
In base 13, what is -2 - 9c036?
-9c038
In base 10, what is 7 + 6349?
6356
In base 11, what is 3742 - 4?
3739
In base 11, what is 86 - 879?
-7a3
In base 8, what is 12217 - -344?
12563
In base 6, what is -12141 + 2240?
-5501
In base 3, what is 1000200 + -101?
1000022
In base 12, what is -3398b + 5?
-33986
In base 4, what is -10 + -23233?
-23303
In base 5, what is -21 + -42044?
-42120
In base 11, what is 3465 - 65?
3400
In base 6, what is -2145 - -352?
-1353
In base 3, what is 11 + -2011221100?
-2011221012
In base 14, what is -111b37 - -4?
-111b33
In base 10, what is 10 + -22397?
-22387
In base 16, what is 66a6e8 + 0?
66a6e8
In base 7, what is 155464 + 5?
155502
In base 5, what is -21232 - 1131?
-22413
In base 12, what is 0 + bbba?
bbba
In base 13, what is -4 + c45?
c41
In base 5, what is -40022122 - 2?
-40022124
In base 6, what is -130 + 31512?
31342
In base 14, what is 6 + 173a1?
173a7
In base 13, what is 297b4 - -3?
297b7
In base 4, what is 10331132 - 222?
10330310
In base 10, what is -2 + 47729?
47727
In base 9, what is -3 + -4874?
-4877
In base 16, what is -1 - -840?
83f
In base 11, what is -5266 + 35?
-5231
In base 3, what is 1 - 221202010?
-221202002
In base 16, what is 831 + 114?
945
In base 2, what is 101 + 111001011110111?
111001011111100
In base 2, what is 110011101100 - -1110001?
110101011101
In base 14, what is -19d + ad?
-d0
In base 11, what is -22 - -1253?
1231
In base 4, what is -1 - 22223?
-22230
In base 6, what is -12441 + 12022?
-415
In base 16, what is a912 + a?
a91c
In base 6, what is 511021 + 5?
511030
In base 11, what is 7 + -690?
-684
In base 5, what is -3113 - 1030?
-4143
In base 2, what is 1100110001010 + 111?
1100110010001
In base 10, what is 2 + 48666?
48668
In base 5, what is 3 + 131440?
131443
In base 13, what is -3 - -12911?
1290b
In base 3, what is 20122100 + -222?
20121101
In base 16, what is 3e13 + -27?
3dec
In base 12, what is 9a00b + -4?
9a007
In base 8, what is -133 - 2475?
-2630
In base 4, what is 201 - -13020000?
13020201
In base 9, what is -116133 + -2?
-116135
In base 7, what is 106061 + 321?
106412
In base 14, what is -4 - 2113?
-2117
In base 15, what is -1 + 2894b?
2894a
In base 12, what is -3437 + -16?
-3451
In base 7, what is 505 + 230?
1035
In base 13, what is -89 + 561?
4a5
In base 15, what is -bc8 + -48?
-c21
In base 8, what is 1056430 + 2?
1056432
In base 14, what is 3 - -182136?
182139
In base 15, what is 0 + 88342?
88342
In base 2, what is 1100010101111000000001 - 100?
1100010101110111111101
In base 9, what is 20422 + -11?
20411
In base 9, what is 5 + -40614?
-40608
In base 2, what is -1 - -10001100000111?
10001100000110
In base 8, what is -51662 + -1?
-51663
In base 10, what is -2 + -9869?
-9871
In base 9, what is -87406 - 4?
-87411
In base 8, what is 5 + -13161?
-13154
In base 16, what is 4 - 59e4?
-59e0
In base 12, what is 5708 - 4?
5704
In base 12, what is -38633 + 0?
-38633
In base 7, what is 0 + 1604316?
1604316
In base 8, what is 43470 + 5?
43475
In base 6, what is -1305 + 343?
-522
In base 12, what is 570 - -2200?
2770
In base 6, what is -233154 - 5?
-233203
In base 11, what is -6 + 28?
22
In base 7, what is -424 - -244?
-150
In base 16, what is 0 - 2f077?
-2f077
In base 3, what is -122212002 - 111?
-122212120
In base 6, what is -1311220 + -10?
-1311230
In base 11, what is 20 + 1833?
1853
In base 11, what is -7 + a651?
a645
In base 16, what is 7 - -1d56?
1d5d
In base 12, what is 3 - -7321b3?
7321b6
In base 5, what is 30 - 22343202?
-22343122
In base 14, what is -7058 - 5?
-705d
In base 12, what is -a8 - 334?
-420
In base 10, what is 175185 + -4?
175181
In base 8, what is -1160342 - 6?
-1160350
In base 5, what is -2 + 1013333?
1013331
In base 14, what is -3780 + 6?
-3778
In base 3, what is 1020022111 + -11212?
1020010122
In base 9, what is -657 - -2887?
2230
In base 6, what is 514 + 40242?
41200
In base 12, what is -5 + 44665?
44660
In base 8, what is -511402 - 10?
-511412
In base 9, what is 5 + -1471248?
-1471243
In base 11, what is -7 - a07?
-a13
In base 2, what is -10111 + 111000011010?
111000000011
In base 13, what is -2a564 + 2?
-2a562
In base 8, what is -1324 - -473?
-631
In base 6, what is 4250003 + -32?
4245531
In base 10, what is 4 - 255418?
-255414
In base 2, what is -1 - -11111101101100?
11111101101011
In base 13, what is -24471b - -4?
-244717
In base 10, what is -152367 - -2?
-152365
In base 15, what is -3 - 2d29?
-2d2c
In base 13, what is 673 + b?
681
In base 6, what is 21 + 14332?
14353
In base 11, what is -220348 - 3?
-220350
In base 10, what is 4 + 19908?
19912
In base 12, what is -987a3 - 5?
-987a8
In base 10, what is 1 - -6090?
6091
In base 4, what is 103323 - -1031?
111020
In base 12, what is 1 + -6681?
-6680
In base 9, what is 208 - -500?
708
In base 11, what is -3 - -7721?
7719
In base 10, what is 1894 - -1342?
3236
In base 3, what is -10 + -22102111000?
-22102111010
In base 12, what is 409167 + 0?
409167
In base 8, what is -7311 + -27?
-7340
In base 16, what is -1120 + -41d?
-153d
In base 6, what is 5 - 4325?
-4320
In base 2, what is 100 - 110110010010010?
-110110010001110
In base 4, what is -1001001223 - 3?
-1001001232
In base 11, what is 7 + -11a75?
-11a69
In base 12, what is -1 + -13b494?
-13b495
In base 15, what is -aa5 + 13?
-a92
In base 12, what is -3101 + 3?
-30ba
In base 5, what is 144440 + 2?
144442
In base 12, what is -2 + 4850?
484a
In base 14, what is -3493a 